umber?
False
Let y(j) = -25*j + 7. Let z(w) = w**3 + 11*w**2 + 13*w + 8. Let d be z(-10). Let l = 16 + d. Is y(l) a prime number?
True
Let g(i) be the second derivative of 4*i**3 - 5*i**2/2 + 23*i - 2. Let f be (-1 - -2) + -1 + 7. Is g(f) a prime number?
True
Let r = -19291 - 5885. Is r/(-21) + (-5)/(-35) a prime number?
False
Let p(u) = -u - 31. Let j be p(-24). Is (-844)/16*(j + (-1 - -4)) a composite number?
False
Suppose 11*m = 10*m + 2. Let v(p) = 235*p + 8. Is v(m) prime?
False
Suppose 13*y - 71883 = 734624. Is y a composite number?
False
Let n = 18035 + -12280. Is n a composite number?
True
Suppose 10 - 34 = -2*z. Let h = z - -3. Is h a composite number?
True
Is 3/((-66822)/7427 + 9) composite?
False
Suppose -7*z - 3546 = -10*z. Let s = -439 + z. Is s prime?
True
Let a = 100 + -6. Suppose 7*w - 3259 = a. Is w a prime number?
True
Is ((-24)/6 - -12050) + -9 a prime number?
True
Suppose 0 = 5*y + 2*l + 1236 - 58104, -2*y + l + 22740 = 0. Let o = -7915 + y. Is o composite?
False
Let b(s) = 6*s**2 + 6*s - 10. Suppose -3*i - 1 = 5*h, -3*h - 2*h = -i - 27. Let l be b(i). Suppose -4*o + 0*x - 3*x = -484, -3*x = -2*o + l. Is o prime?
False
Let m(r) = -163*r**3 - 6*r**2 - 5*r + 1. Is m(-4) composite?
False
Let z = 17 - 12. Is z - (-2)/(-3)*-30 a composite number?
True
Suppose -55*c + 32*c = -99521. Is c a prime number?
True
Let j = 12 + -16. Let a(l) = -8*l**3 - 5*l**2 + 4*l + 3. Is a(j) a prime number?
True
Suppose -618676 = -33*h + 489827. Is h a composite number?
True
Let b(j) = -495*j - 293. Is b(-21) composite?
True
Is (-4)/(-5) - 811/(-5) prime?
True
Let d(g) = -g**2 + 18 + 2 + 5 - g. Suppose 0 = j + j. Is d(j) a prime number?
False
Let v(x) = -x**2 + 4*x + 16. Let g be v(6). Suppose -4*c + 2*c = g*p - 110, 0 = 2*c + p - 104. Is c a prime number?
False
Suppose 2*q = -2, 4*p + 4*q + 559 = -501. Let g = p + 599. Is g prime?
False
Let l(g) = -3*g - 24. Let u be l(-12). Is (160 - u/4)/1 prime?
True
Suppose 3646048 = 29*o - 2553369. Is o composite?
True
Let n = 19 + -15. Suppose 0*r + 8324 = 3*y - 5*r, r = n*y - 11093. Is y composite?
True
Let x be 1882 - (3 + -4)*4. Suppose -3*w = z - 483 + 6, -4*z - w + x = 0. Is z prime?
False
Suppose -20 + 5 = 5*z, -3*r + 3*z = -843. Let w = r + -15. Is w a composite number?
False
Let s be (3 - 12/(-8)) + (-1)/(-2). Suppose 2*g - 533 = s*f, 8*g + f - 1099 = 4*g. Is g a composite number?
True
Let g(y) = -2*y**3 - 15*y**2 + 18*y - 4. Let b(o) = -o**3 - o**2 + o + 1. Let s(z) = -4*b(z) + g(z). Is s(7) a prime number?
False
Let o = -11 + 52. Is -4 - o*(-76 - 1) a composite number?
True
Let s(a) = 147*a - 1. Is s(4) composite?
False
Suppose 4*o + 3*a = 33485, -4*o - a + 15417 + 18062 = 0. Is o composite?
False
Suppose -15 = 3*x, 4*q = 3*q + 2*x + 12. Suppose t = q*j + 96, 2*j + 81 = t - 3*j. Suppose 0 = 2*a - 4*a + t. Is a composite?
False
Let b(l) = -l**3 + 6*l**2 - 3*l + 4. Let j be b(4). Suppose -j = -6*o - 456. Let h = -5 - o. Is h a prime number?
True
Let y = -1337 - -2815. Let f = -135 + y. Is f prime?
False
Let p(s) = s**3 + 16*s**2 - 8*s + 12. Let x be p(-12). Let w = x - 1818. Let f = 1675 + w. Is f composite?
False
Is 18/72 + (-110478)/(-8) + 1 composite?
True
Let c = -2604 - -6397. Is c a prime number?
True
Let t = 75038 + -26765. Is t a composite number?
True
Let f = -252 + 355. Suppose 0 = -6*r + f - 37. Is r a prime number?
True
Let y(x) = x**3 - 7*x**2 + 7*x - 2. Let m be y(6). Let v be (-826)/(-8) - 1/m. Suppose f = 4*s + 105, -f + 2*s = -s - v. Is f a prime number?
True
Let x = 268 - -367. Is x a composite number?
True
Suppose 57*x = 71*x - 37142. Is x composite?
True
Suppose 11*b = -2057 - 1287. Let q = -171 - b. Is q a prime number?
False
Let p(f) = -44*f**2 + 2*f - 1. Let r be p(3). Let v(y) = 4*y**3 + 10*y**2 + 26*y + 12. Let u be v(-6). Let z = r - u. Is z prime?
True
Let x(k) be the second derivative of -41*k**3/6 + 22*k**2 - 33*k. Is x(-9) a composite number?
True
Let c be (4 + -2)*(-103)/(-2). Suppose -5*w = c - 4698. Is w a prime number?
True
Let n be 3 + (3 - 3) + -3. Suppose n - 23 = -z. Is z a prime number?
True
Is (0 + -3)/(9/7002*-6) prime?
True
Let n = 1009 + -362. Is n prime?
True
Let v be ((-1182)/10)/(11/(-55)). Suppose s = v + 247. Is s a prime number?
False
Let m = 396 - 102. Suppose 3*f - 5*f = m. Is -2 - 0/(-3) - f a prime number?
False
Suppose 8*z = -23*z + 750107. Is z composite?
False
Suppose 0 = 4*z + 4*l - 1104, 0 = -4*z - 3*l - 0*l + 1102. Suppose -3*f + z + 663 = 4*r, -5*r - 5*f + 1170 = 0. Suppose 3*n = 4*n - r. Is n prime?
False
Let z(x) = 4*x**2 - 7*x + 471. Is z(-34) a prime number?
True
Is (-2)/7 - (3966040/(-91))/10 prime?
False
Suppose 5*c + 40 = c. Is (-4886)/(-10) - (-4 + (-36)/c) composite?
True
Let q = 12 - 10. Suppose 0 = 3*p - 4*g + 6, 5*p = 2*p + q*g. Suppose 5*o - 1857 = p*r + 248, 0 = -3*o + r + 1262. Is o composite?
False
Suppose 6*a - 588 = -a. Suppose 0 = 2*h + 2, 5*c = -4*h + 397 + a. Is c composite?
False
Suppose 5*o - 2784 = 561. Let u = o - 418. Is u prime?
True
Let k(j) = 23*j**2 - 441*j - 3. Is k(24) composite?
True
Suppose 0 = 23*n - 169552 - 545541. Is n prime?
True
Let i(y) = -2*y - 16. Let n be i(-6). Is -4 - (-123)/(-1 - n) a prime number?
True
Let o = -16394 - -35229. Is o a prime number?
False
Suppose 7*q + 3398710 = 77*q. Is q a composite number?
True
Let r = -113 - -3294. Is r composite?
False
Is 25220236/782 - 1/(-17) composite?
False
Let p(r) = 1 + 152*r + 50*r + 0. Let s be -1 + 24/18*(-3)/(-2). Is p(s) a prime number?
False
Let t(j) = j**3 + 9*j**2 - 11*j + 7. Let p(b) = b + 17. Let x be p(-15). Let n(k) = -2*k**3 - 17*k**2 + 21*k - 13. Let l(r) = x*n(r) + 5*t(r). Is l(-12) prime?
False
Is (-52)/78*((-52509)/(-2))/(-1) a composite number?
True
Suppose 15 = -5*l + 5. Let z(u) = -37*u**3 - u**2 - 4*u - 3. Let g be z(l). Let m = g - 166. Is m prime?
True
Suppose 140885 = 5*o - 5*n, o - 28201 = 7*n - 12*n. Is o a prime number?
True
Let y = -8576 + 5432. Let v = y - -9125. Is v composite?
False
Let j(u) = 9*u**2 - 9*u - 10. Let w be j(-5). Suppose 4*l - 544 = -3*i, -w = -i - 5*l - 97. Let t = -61 + i. Is t prime?
True
Suppose 0*k = k + 9. Let t = k + 11. Suppose -4*c - d + 1107 = 0, -5*d + 113 + 436 = t*c. Is c composite?
False
Let n(g) be the second derivative of 23*g**4/12 + g**3/6 - 4*g. Let t be n(-4). Suppose -8*v + t = -4*v. Is v a prime number?
False
Let a(g) = 2*g + 13. Let c(p) = 1. Let j(h) = -a(h) + 4*c(h). Let k be j(-7). Suppose -k*t + 2*f + 157 = 0, 4*t - 108 = 5*f + 4. Is t a composite number?
True
Suppose -1539 = 3*k - 17793. Let b = k - 681. Is b a composite number?
True
Let g(m) = m**3 - 8*m**2 + 10*m - 7. Let t be g(7). Let l be 1/(t/6 + -2). Suppose 4*y + 4*h = 1336, 4*y - l*h = -0*h + 1357. Is y composite?
False
Suppose 10*x - 4511 = -3*x. Is x a prime number?
True
Let k(w) = -w**3 - 5*w**2 + 4. Let d(h) = -h**3 + 21*h**2 - 2. Let x be d(21). Let t be k(x). Is (-2152)/(-4)*(-4)/t prime?
True
Suppose -4*b - 83 = 357. Let m be (-1698)/((-8)/2 + 2). Let u = b + m. Is u a prime number?
True
Let y be -1 - -1 - (6 - 5). Let o be y/3 - (-2384)/(-12). Let m = -58 - o. Is m composite?
True
Is 2944 + ((-63)/9 - -5) composite?
True
Suppose 4*l + 4*x - 60068 = 0, 16*x = -2*l + 17*x + 30022. Is l prime?
True
Let w = -12 - -7. Let v be (2/w)/(4/(-10)). Is (-3 + v)/((-4)/262) a composite number?
False
Let x(h) = 3*h**2 - 14*h + 12. Suppose 9*m = -162 - 9. Is x(m) a composite number?
False
Let g(x) = 7*x**3 + 2*x**2 + 2*x + 1. Let k be g(-1). Let i be (-16)/k - (-6)/18. Suppose 0 = 5*o - i - 2, 0 = 4*q - 5*o - 759. Is q prime?
True
Suppose 4*p + 13002 = 2*p. Let h = p + 11656. Is h a prime number?
False
Suppose -12 = 3*c - 3*g, 0 = c - 3*c - 3*g - 8. Let z(h) = -46*h + 3. Is z(c) composite?
True
Suppose -2*t - 5*r + 228 = 0, 0*t + 5*t - 2*r - 628 = 0. Suppose 14*q = 10*q + t. Is q a prime number?
True
Suppose 3*s - 5749 = 5*x + 35728, -2*x = -4. Is s a prime number?
True
Suppose -3*y - 17*q + 25497 = -19*q, 0 = 5*q. Is y a prime number?
False
Let v(t) = t**3 - 7*t**2 + 11*t - 24. Let x be (2*1)/((-16)/(-56)). Is v(x) prime?
True
Let s(y) = y**2 - 3*y. Let v be s(4). Suppose -2*k + k - m - 10 = 0, -v*k - 3*m = 36. Is (-18473)/(-104) + k/(-16) prime?
False
Suppose 11 = 4*b - 17. Let j = 2 + b. Is j composite?
True
Let z(m) be 